ime factors of 20906470.
2, 5, 13, 73, 2203
What are the prime factors of 363281158?
2, 181640579
List the prime factors of 208098741.
3, 69366247
List the prime factors of 91911745.
5, 31, 73, 8123
List the prime factors of 43163254.
2, 97, 271, 821
List the prime factors of 4520256787.
131, 139, 248243
List the prime factors of 466902309.
3, 155634103
List the prime factors of 3551372783.
7, 19, 4219, 6329
List the prime factors of 323657523.
3, 7, 167, 30763
List the prime factors of 57940511.
911, 63601
List the prime factors of 29179045.
5, 7, 61, 79, 173
List the prime factors of 1737283458.
2, 3, 83, 107, 32603
What are the prime factors of 698217200?
2, 5, 17, 102679
What are the prime factors of 4695334895?
5, 1627, 577177
What are the prime factors of 568562944?
2, 23, 61, 1583
List the prime factors of 91708606.
2, 11, 101, 149, 277
What are the prime factors of 1445785949?
61, 23701409
What are the prime factors of 554345002?
2, 59, 67, 70117
What are the prime factors of 49715063?
193, 257591
List the prime factors of 3640148225.
5, 7, 137, 149, 1019
What are the prime factors of 58611303?
3, 47, 46187
What are the prime factors of 35200412?
2, 13, 676931
What are the prime factors of 3727783348?
2, 43, 21673159
What are the prime factors of 60054436?
2, 13, 1154893
What are the prime factors of 567752895?
3, 5, 673, 2083
What are the prime factors of 108269745?
3, 5, 1061, 6803
List the prime factors of 211149725.
5, 29, 227, 1283
What are the prime factors of 194708779?
97, 2007307
What are the prime factors of 5598070602?
2, 3, 23, 40565729
What are the prime factors of 1518142743?
3, 13, 157, 3061
List the prime factors of 431274483.
3, 19, 59, 14249
What are the prime factors of 9665151?
3, 3221717
List the prime factors of 48570942.
2, 3, 7, 1156451
List the prime factors of 47718720.
2, 3, 5, 7, 263
List the prime factors of 652057814.
2, 17, 19178171
List the prime factors of 619403909.
619403909
What are the prime factors of 209626445?
5, 7, 5989327
What are the prime factors of 398491451?
73, 283, 19289
What are the prime factors of 3646951015?
5, 4007, 182029
List the prime factors of 4034882786.
2, 11, 383, 478861
What are the prime factors of 522432773?
522432773
What are the prime factors of 94269251?
94269251
What are the prime factors of 1125407377?
79, 317, 44939
List the prime factors of 2858243109.
3, 952747703
List the prime factors of 1103788024.
2, 29, 4757707
What are the prime factors of 1113018919?
1113018919
List the prime factors of 5979366578.
2, 2989683289
What are the prime factors of 97611535?
5, 7, 17, 29, 5657
What are the prime factors of 58733825?
5, 2349353
What are the prime factors of 60980550?
2, 3, 5, 73, 5569
What are the prime factors of 1227512960?
2, 5, 571, 3359
List the prime factors of 165488391.
3, 18387599
What are the prime factors of 26585760?
2, 3, 5, 97, 571
What are the prime factors of 66469774?
2, 7, 41, 71, 233
List the prime factors of 289276606.
2, 5209, 27767
List the prime factors of 4422725644.
2, 17, 65040083
What are the prime factors of 921215488?
2, 43, 41843
What are the prime factors of 44883641?
11, 4080331
List the prime factors of 1162392215.
5, 8521, 27283
List the prime factors of 1060845651.
3, 1693, 69623
What are the prime factors of 30852046?
2, 15426023
List the prime factors of 40096115.
5, 17, 471719
List the prime factors of 54158628.
2, 3, 1601, 2819
List the prime factors of 129196774.
2, 7, 9228341
List the prime factors of 1109145702.
2, 3, 7, 26408231
List the prime factors of 1433716321.
499, 2873179
What are the prime factors of 3452962?
2, 1726481
List the prime factors of 64432129.
331, 194659
What are the prime factors of 410814408?
2, 3, 23, 523, 1423
What are the prime factors of 316128215?
5, 13, 23, 211457
What are the prime factors of 272452300?
2, 5, 43, 63361
What are the prime factors of 15470601?
3, 29, 177823
What are the prime factors of 2130213821?
29, 59, 769, 1619
List the prime factors of 1408004161.
431, 3266831
What are the prime factors of 28711662?
2, 3, 7, 103, 6637
What are the prime factors of 2218547075?
5, 88741883
List the prime factors of 536090665.
5, 11, 17, 29, 1163
List the prime factors of 2932382196.
2, 3, 4517, 6011
List the prime factors of 2650818562.
2, 7, 61, 63347
What are the prime factors of 173957802?
2, 3, 31, 935257
List the prime factors of 100664178.
2, 3, 2131, 7873
List the prime factors of 242135782.
2, 7, 17295413
What are the prime factors of 54582473?
11, 23, 443, 487
List the prime factors of 30167033.
13, 367, 6323
What are the prime factors of 13111969?
13, 1008613
What are the prime factors of 98249885?
5, 17, 67993
List the prime factors of 263008540.
2, 5, 29, 547, 829
What are the prime factors of 844836108?
2, 3, 70403009
What are the prime factors of 7547679141?
3, 2749, 915203
List the prime factors of 1814820972.
2, 3, 31, 4878551
What are the prime factors of 11428669?
7, 43, 883
List the prime factors of 13684146.
2, 3, 7, 325813
What are the prime factors of 1804811535?
3, 5, 4649, 8627
What are the prime factors of 48026660?
2, 5, 11, 199, 1097
What are the prime factors of 232822551?
3, 13, 5969809
What are the prime factors of 3421928757?
3, 13, 37, 41, 57839
What are the prime factors of 719416697?
21323, 33739
What are the prime factors of 32991964?
2, 8247991
List the prime factors of 482809443.
3, 71, 2266711
List the prime factors of 111523065.
3, 5, 19, 251, 1559
List the prime factors of 25283675.
5, 17, 41, 1451
List the prime factors of 5290196097.
3, 31, 229, 248401
What are the prime factors of 322189171?
322189171
What are the prime factors of 607182977?
607182977
List the prime factors of 190634381.
7, 27233483
What are the prime factors of 7006327?
173, 40499
List the prime factors of 399919702.
2, 7, 13, 2197361
List the prime factors of 2879431318.
2, 23, 62596333
List the prime factors of 5795047745.
5, 1093, 1060393
List the prime factors of 7497572.
2, 127, 14759
List the prime factors of 1024364711.
3023, 338857
What are the prime factors of 106922833?
6151, 17383
What are the prime factors of 1567266375?
3, 5, 4179377
What are the prime factors of 2809597565?
5, 17, 229, 144341
What are the prime factors of 45116754?
2, 3, 19, 23, 17207
List the prime factors of 1699318138.
2, 7, 181, 95801
What are the prime factors of 18484943?
18484943
List the prime factors of 87771079.
11, 7979189
What are the prime factors of 2093156002?
2, 7, 149511143
List the prime factors of 306823926.
2, 3, 31, 1649591
List the prime factors of 1910209631.
11, 19, 71, 109, 1181
What are the prime factors of 218103902?
2, 109051951
List the prime factors of 144775372.
2, 7, 967, 5347
List the prime factors of 191688801.
3, 229, 279023
List the prime factors of 95816464.
2, 29, 206501
What are the prime factors of 174655614?
2, 3, 7, 37, 167, 673
List the prime factors of 1783068379.
131, 13611209
List the prime factors of 120098577.
3, 3583, 11173
What are the prime factors of 3526332147?
3, 13, 23, 1310417
List the prime factors of 80882527.
11, 43, 307, 557
What are the prime factors of 2394257080?
2, 5, 47, 1273541
What are the prime factors of 116030017?
19, 191, 31973
What are the prime factors of 1180458383?
13, 103, 881597
List the prime factors of 27351999.
3, 43, 7853
What are the prime factors of 1318110109?
29453, 44753
List the prime factors of 1165111459.
719, 1620461
What are the prime factors of 65284815?
3, 5, 197, 22093
List the prime factors of 173292507.
3, 797, 8053
List the prime factors of 10720888.
2, 47, 28513
What are the prime factors of 238900770?
2, 3, 5, 23, 131, 881
List the prime factors of 48636890.
2, 5, 109, 44621
What are the prime factors of 4238938153?
29443, 143971
What are the prime factors of 345789665?
5, 13, 5319841
List the prime factors of 1504224242.
2, 23, 32700527
What are the prime factors of 2746258420?
2, 5, 23, 5970127
What are the prime factors of 55514511?
3, 13, 158161
What are the prime factors of 925121359?
9013, 102643
List the prime factors of 702697960.
2, 5, 3583, 4903
What are the prime factors of 4207749842?
2, 19, 283, 391273
What are the prime factors of 80379523?
7, 11482789
List the prime factors of 10321406